rime factors of 46440784.
2, 13, 223273
What are the prime factors of 94552164?
2, 3, 7, 17, 1051
What are the prime factors of 676288934?
2, 17, 2459, 8089
What are the prime factors of 275336717?
131, 2101807
List the prime factors of 1002229908.
2, 3, 29, 2879971
What are the prime factors of 770856196?
2, 11, 17519459
List the prime factors of 3267067817.
13, 53, 4741753
What are the prime factors of 40484924?
2, 73, 138647
What are the prime factors of 347131285?
5, 137, 331, 1531
What are the prime factors of 498126308?
2, 124531577
What are the prime factors of 284803565?
5, 56960713
What are the prime factors of 16207300?
2, 5, 41, 59, 67
What are the prime factors of 414273421?
414273421
List the prime factors of 25032320.
2, 5, 39113
List the prime factors of 724323257.
7, 6113, 16927
What are the prime factors of 464824203?
3, 154941401
List the prime factors of 1763908719.
3, 19, 43, 283, 2543
What are the prime factors of 259522644?
2, 3, 21626887
List the prime factors of 192050515.
5, 38410103
What are the prime factors of 72414153?
3, 7, 491, 2341
List the prime factors of 87307087.
7, 17, 37, 79, 251
What are the prime factors of 30626743?
7, 4375249
What are the prime factors of 467774904?
2, 3, 41, 475381
List the prime factors of 47733896.
2, 7, 852391
What are the prime factors of 2185605670?
2, 5, 218560567
List the prime factors of 320476093.
7, 157, 163, 1789
List the prime factors of 1092011211.
3, 29, 4183951
What are the prime factors of 115133003?
647, 177949
List the prime factors of 200564214.
2, 3, 1933, 17293
What are the prime factors of 49788899?
49788899
List the prime factors of 165514088.
2, 3761, 5501
List the prime factors of 27001539.
3, 53, 18869
What are the prime factors of 101282351?
181, 559571
List the prime factors of 101360317.
101360317
What are the prime factors of 15688097?
179, 87643
What are the prime factors of 2485094120?
2, 5, 233, 266641
What are the prime factors of 1671572434?
2, 7, 119398031
What are the prime factors of 47617895?
5, 13, 19, 38557
What are the prime factors of 35183051?
739, 47609
What are the prime factors of 33996348?
2, 3, 317, 331
What are the prime factors of 771908805?
3, 5, 29, 71, 2777
What are the prime factors of 193361558?
2, 13, 7436983
List the prime factors of 755496357.
3, 7, 11, 59, 7919
What are the prime factors of 575149583?
14051, 40933
List the prime factors of 667700582.
2, 29, 751, 15329
What are the prime factors of 1433444501?
41, 34962061
List the prime factors of 999611484.
2, 3, 73, 1141109
List the prime factors of 173498609.
173498609
What are the prime factors of 1883755558?
2, 22619, 41641
What are the prime factors of 15575506?
2, 139, 179, 313
What are the prime factors of 81749741?
2999, 27259
List the prime factors of 180791093.
7, 47, 549517
List the prime factors of 7126663.
29, 245747
List the prime factors of 50578298.
2, 17, 31, 47, 1021
List the prime factors of 32948354.
2, 16474177
List the prime factors of 74622932.
2, 37, 504209
What are the prime factors of 623842145?
5, 5651, 22079
List the prime factors of 1647602582.
2, 13633, 60427
List the prime factors of 1212524845.
5, 7, 4949081
What are the prime factors of 30643244?
2, 7660811
List the prime factors of 1400807359.
7, 8317, 24061
List the prime factors of 47442604.
2, 11, 1078241
List the prime factors of 76047963.
3, 25349321
What are the prime factors of 3322569979?
389, 787, 10853
List the prime factors of 608875919.
19, 257, 124693
List the prime factors of 31495283.
3911, 8053
List the prime factors of 2367429857.
13, 383, 475483
List the prime factors of 387424139.
2843, 136273
What are the prime factors of 365413389?
3, 11, 11073133
List the prime factors of 78362363.
78362363
List the prime factors of 688995598.
2, 7127, 48337
What are the prime factors of 20821767?
3, 6940589
List the prime factors of 7206216062.
2, 47, 76661873
What are the prime factors of 8985451147?
23, 29, 37, 541, 673
List the prime factors of 272980502.
2, 136490251
List the prime factors of 116328764.
2, 79, 368129
What are the prime factors of 173116272?
2, 3, 7, 515227
What are the prime factors of 152603822?
2, 7, 61, 178693
What are the prime factors of 899764106?
2, 41, 10972733
What are the prime factors of 377688832?
2, 239, 6173
What are the prime factors of 14406415?
5, 643, 4481
What are the prime factors of 34883992?
2, 11, 13, 30493
What are the prime factors of 410357273?
1009, 406697
What are the prime factors of 408148581?
3, 29, 4691363
What are the prime factors of 547189775?
5, 11, 229, 8689
List the prime factors of 250605429.
3, 853, 97931
List the prime factors of 2194722244.
2, 11, 13, 3836927
List the prime factors of 3411705865.
5, 1289, 529357
List the prime factors of 37284323.
521, 71563
What are the prime factors of 1315587931?
7, 83, 2264351
What are the prime factors of 4201719175?
5, 11317, 14851
List the prime factors of 268054590.
2, 3, 5, 8935153
What are the prime factors of 2766285525?
3, 5, 19, 1941253
List the prime factors of 209496816.
2, 3, 1454839
List the prime factors of 286199863.
12373, 23131
What are the prime factors of 107894601?
3, 31, 386719
What are the prime factors of 1528261951?
1528261951
What are the prime factors of 5370270?
2, 3, 5, 23, 43, 181
List the prime factors of 267502170.
2, 3, 5, 13, 419, 1637
List the prime factors of 86395128.
2, 3, 19, 189463
What are the prime factors of 261068007?
3, 43, 2023783
List the prime factors of 125459832.
2, 3, 113, 46261
List the prime factors of 40123562.
2, 20061781
What are the prime factors of 56029542?
2, 3, 9338257
List the prime factors of 435037971.
3, 37, 3919261
List the prime factors of 3823987450.
2, 5, 76479749
What are the prime factors of 684833001?
3, 59, 3869113
List the prime factors of 286617909.
3, 17, 31, 199, 911
What are the prime factors of 702884086?
2, 89, 593, 6659
What are the prime factors of 83949134?
2, 541, 77587
What are the prime factors of 54569719?
2711, 20129
List the prime factors of 98501557.
7, 11, 41, 761
List the prime factors of 8405951.
8405951
What are the prime factors of 573040270?
2, 5, 11, 31, 15277
What are the prime factors of 219344000?
2, 5, 13709
What are the prime factors of 1109557427?
11, 100868857
What are the prime factors of 1114696367?
941, 1184587
What are the prime factors of 392462950?
2, 5, 11, 713569
List the prime factors of 1357867148.
2, 11, 19, 233, 6971
List the prime factors of 1420083260.
2, 5, 71004163
List the prime factors of 267440339.
267440339
What are the prime factors of 172056742?
2, 11, 13, 19, 31663
What are the prime factors of 18596452?
2, 7, 41, 97, 167
List the prime factors of 31610181.
3, 10536727
List the prime factors of 80389870.
2, 5, 11, 53, 13789
What are the prime factors of 249489879?
3, 41, 2028373
List the prime factors of 1288244660.
2, 5, 83, 157, 4943
List the prime factors of 3464975455.
5, 307, 2257313
List the prime factors of 45022293.
3, 23, 217499
What are the prime factors of 6691719735?
3, 5, 148704883
What are the prime factors of 337431970?
2, 5, 33743197
List the prime factors of 76782666.
2, 3, 71, 180241
List the prime factors of 7739477948.
2, 1934869487
List the prime factors of 3028988930.
2, 5, 11, 19, 67, 97, 223
List the prime factors of 658572201.
3, 7, 73, 2273
What are the prime factors of 301473478?
2, 17, 97, 91411
List the prime factors of 442471987.
9739, 45433
What are the prime factors of 237926965?
5, 47585393
What are the prime factors of 2244114958?
2, 877, 1279427
List the prime factors of 35332437.
3, 7, 137, 12281
List the prime factors of 84154698.
2, 3, 43, 108727
What are the prime factors of 19480826?
2, 9740413
What are the prime factors of 60729722?
2, 73, 415957
What are the prime factors of 1000701638?
2, 31, 631, 25579
List the prime factors of 254234722.
2, 7, 809, 22447
List the prime factors of 4720794660.
2, 3, 5, 73, 277, 1297
List the prime factors of 1076884438.
2, 7, 76920317
List the prime factors of 46280944.
2, 61, 47419
List the prime factors of 141037750.
2, 5, 7, 83, 971
List the prime factors of 469042034.
2, 234521017
What are the prime factors of 620207704?
2, 77525963
List the prime factors of 3127091989.
7, 44672